o) = 3 - 1 + o + 0*o - o**2 - 1. Let j(f) = -f**3 + 7*f**2 - 6*f + 3. Suppose 0 = -4*a - 5*l + 39, -2*l + 21 = a + 3*l. Let s be j(a). Give i(s).
-5
Let w(h) = -h + 1. Suppose 80 = 19*y + 23. Give w(y).
-2
Suppose 2*k - 5*o - 77 = k, 0 = k - o - 89. Let x = 22 + k. Let q(n) = -n**2 + 119 + 0*n**2 - x - 4*n. Give q(-6).
-7
Let g(d) = 4*d**2 + 3*d + 1. Let c be g(-1). Let w(m) = 6*m + 13 - 32 + 13 - 7*m**c + m**3. Give w(6).
-6
Suppose 2*v = v + 5. Let l(b) = 3 - v + 0*b - b + 1. Let n = 0 + 5. Calculate l(n).
-6
Let c(y) = -3*y - 12 + 0*y - y**2 - 2*y - 4*y. Let u be c(-7). Let g(b) = 5 + 3*b**u - b - b - b**3 + 2*b**2. What is g(5)?
-5
Let o(h) = 3*h**2 + 7*h - 5. Let f(s) = 7*s**2 + 15*s - 10. Let a(k) = -2*f(k) + 5*o(k). Calculate a(-5).
-5
Suppose -3 - 3 = -2*l. Suppose -4*i = l*c + c - 24, 5*c - 5 = 0. Let h(t) = t - t**3 - i - 5*t**2 + 4 - 7 + 2. What is h(-5)?
-11
Suppose -15*i + 118 = -17*i. Let p = i + 54. Let f(h) = h**2 + 5*h + 7. Give f(p).
7
Let x = -23 + 28. Suppose 2*f + x*u = -0 - 6, 5*f + 2*u = 6. Let n(d) = d**3 - 2*d**2 - 3*d + 3. What is n(f)?
-3
Suppose -4*a - 8 = 5*u, -5*u - 2*a - 34 + 30 = 0. Let n(y) be the second derivative of -8*y + 1/2*y**2 + u + 1/6*y**3. What is n(-4)?
-3
Let c = -33 + 36. Let q(x) = x**3 - 8*x**2 - 2*x + 4. Let p(u) = u**3 - 7*u**2 - u + 3. Let l(s) = c*p(s) - 2*q(s). What is l(5)?
6
Let a be -23*(4 - 8 - -3). Let y = a + -20. Suppose 5*s + 14 = z - 0*z, y*s + 4 = 5*z. Let m(j) = 2*j**2 + 2*j + 1. Calculate m(z).
1
Let t(d) = -d**2 + 4*d + 1. Let f(w) = -3*w + 81. Let h be f(17). Suppose 2*j - 5*s - 12 = 0, -3*s = 5*j - 2*s - h. Calculate t(j).
-11
Let h(z) be the first derivative of -1/3*z**3 + 1/4*z**4 + 2*z - 1/2*z**2 + 2. Let g(f) = 5*f - 33. Let p be g(7). Calculate h(p).
4
Let v be (-1 + 2)/((-2)/(-8)). Let j = v - 10. Let q(o) = -5*o**2 + 138122*o - 138115*o + 9 - 1 - o**3. Give q(j).
2
Let l(q) = 2*q**2 - 53*q + 28. Let x be l(26). Let i(f) = 2*f**2 + 2. Calculate i(x).
10
Let y be (-32)/(-5) - 3/(-5). Suppose -2*s = -y*s. Suppose s = 2*b + b - 3. Let l(h) = 2*h. Determine l(b).
2
Suppose -5*i - 9 - 21 = 0. Suppose 4*d + 4 = 5*r, -r + 2*d - 1 = 3*d. Let t(n) = -n**3 + r + 6 - 5*n**2 - 4*n + 12*n. Calculate t(i).
-6
Let m(n) be the third derivative of -1/8*n**4 + 0*n + 1/2*n**3 + 4*n**2 + 0. What is m(-5)?
18
Let u(v) = v + 2. Suppose 3*t - 13 = -4*k - 0*k, -t - 2 = -5*k. Suppose -t*r = -8*r + 15. Suppose r*y - 2 = 4. Give u(y).
4
Suppose 3*v + 4*c + 38 = 0, -105*v = -100*v - 5*c + 5. Let y(m) = -m**2 - 2. Give y(v).
-38
Let f(c) = c**2 - 14*c + 38. Let m be f(11). Suppose 6*h = 2*h - m*h. Let o(n) = -n**3 - n**2 - n - 8. Calculate o(h).
-8
Let a(y) = y**2 + 3*y + 1. Suppose 30 = 2*r - 22. Let z = 24 - r. Give a(z).
-1
Let c(b) = -b**3 - 3*b**2 + 7*b - 1. Let w = -95 + 90. Give c(w).
14
Suppose 8 + 8 = 4*w. Let q(n) = -3*n**2 + w*n**2 + 12 - 4 - 6 + n**3. Give q(-2).
-2
Let t(p) = 4*p - 9*p + 7*p - 5 - p. Determine t(10).
5
Let o(l) = -53*l - 163. Let x(z) = -8*z - 27. Let b(f) = -2*o(f) + 13*x(f). What is b(12)?
-1
Suppose 4*u - 12 = 4*g, -3*u + 10 = -5*g + u. Let n(f) be the third derivative of 1/2*f**3 + 0*f - 1/12*f**4 - 9*f**2 + 0 + 1/30*f**5. Give n(g).
7
Let s = -19 + 18. Let j(a) = a**3 + a**2 + 1. Let d be j(s). Let w(n) be the first derivative of 2*n**4 + 2*n**3/3 - n**2/2 + 1. Give w(d).
9
Let j(q) = 4*q - 2. Let p(t) = 7 - 10 + 4 + t + 5. Let v be p(-10). Let l(y) = -9*y + 5. Let k(u) = v*l(u) - 10*j(u). Give k(1).
-4
Suppose 3 = y - 4*c, -5*c - 49 = -5*y + 41. Suppose 0 = -3*f - w + 69, f - y = 2*w - 4*w. Let b = f + -21. Let i(n) = n**2 + n - 2. Calculate i(b).
4
Let v(x) = 7*x**2 + 31*x + 40. Let h(m) = -3*m**2 - 15*m - 21. Let p(j) = -5*h(j) - 2*v(j). Calculate p(-11).
3
Let i(u) be the third derivative of u**4/12 + u**3 - 5*u**2. Suppose 0*d + 4*d - 440 = -4*o, 4*o + 2*d = 442. Let z be o/(-15) + (-4)/(-10). Give i(z).
-8
Let k(g) = 7*g - 1. Suppose 7 = 5*r - 3. Let j be 1/(r*(-4)/(-40)). Suppose -2 = j*f - 7. Give k(f).
6
Let x = -186 - -193. Let o(z) = -z - 7. Determine o(x).
-14
Suppose -b = -x - 2, 20 = 4*b + 2*x - 0*x. Suppose -2*d + 0 = -b. Let v(q) = 29 + 12*q + 15 - 3*q - 43. Calculate v(d).
19
Let i be 6 + (2 - 0 - 3). Let b(l) = 8*l**2 - 10*l - 14. Let r(y) = -7*y**2 + 9*y + 13. Let s be 5/2*(-42)/(-15). Let u(n) = s*r(n) + 6*b(n). Give u(i).
-3
Let w(g) = 0*g - 3*g - 1 - 8*g. Let j be 2/(-3) - 4/3. Calculate w(j).
21
Suppose 2*k = u + 7, 0 = -5*k - 4*u + 2 + 9. Let c(x) be the second derivative of x**3/2 + x**2/2 - x. Calculate c(k).
10
Suppose -2*l = -7*l + 5. Let c(j) = -2*j - 3 + l + 3*j. Let n be (12/20)/(4/5 + -1). Calculate c(n).
-5
Let y = 32 + -9. Let q = -17 + y. Suppose 0 = -2*a + 4*p + q, 4*a - 2 = 3*p - 5. Let h(o) = -o**3 - 3*o**2 - 1. Determine h(a).
-1
Suppose -2*j + 6 = 4*x, -5*j + 17 = -j + 3*x. Let c(p) = 2*p - 4. Let w(m) = 4*m - 9. Let o(a) = j*c(a) - 2*w(a). Let i be 12/(-28) + 93/21. What is o(i)?
6
Suppose -120*q = -116*q. Let g(w) = w**2 + 9. What is g(q)?
9
Let n(r) be the third derivative of -r**4/24 + 34*r**2. Let x(l) = 5*l + 1. Let o = -18 + 29. Let s(u) = o*n(u) + 2*x(u). Calculate s(0).
2
Suppose -2*a + 6 = -0. Suppose 0 = -t - 112 + 117. Let z(w) = -6 + t*w + 16 - 7 + w**a - 6*w**2. Calculate z(5).
3
Let q(d) be the second derivative of -d**5/20 + 3*d**4/4 + 4*d**3/3 + 17*d**2/2 + 24*d. Calculate q(10).
-3
Suppose 5*l - 2 = 63. Let r(g) = g - 16. Let p be r(l). Let o(x) = x**3 + x**2 - 4*x - 3. What is o(p)?
-9
Let x(q) = -q**3 + 7*q**2 - 7*q + 4. Let b(n) = -n + 15. Let m be -4 - (-13 + 1 + -1). Let a be b(m). Calculate x(a).
-2
Let s(o) be the first derivative of -o**2/2 + 4*o - 18. Suppose 0 = g + 2*i - 8, 7*i - 2*i + 24 = 3*g. Calculate s(g).
-4
Let z(y) = 6*y + 3. Let a(d) = -2*d - 46. Suppose -3*j - 45 - 18 = -x, -3 = x. Let t be a(j). Calculate z(t).
-9
Suppose 2*o = 2*b - 3 + 1, 4*b + 8 = -2*o. Let p(y) = -y**2 - 2*y + 2. Let l(m) = -3*m**2 - 3*m + 4. Let d(g) = -3*l(g) + 5*p(g). Give d(o).
16
Let f = -5 + 4. Suppose -3*u + 4 = -u. Let b(t) = -2*t + 94*t**2 - 94*t**u - 7*t**3 - 1. Give b(f).
8
Let v(b) = -3*b - 15. Let z be v(-6). Let g(l) = 2*l**2 + 2*l - 3. Give g(z).
21
Let f(c) = 3*c**2 + c + 2. Let l(u) = -u**3 + 3*u**2 - 22*u - 17. Let v(s) = -3*f(s) - l(s). Determine v(10).
1
Let j(x) = -x + 3. Suppose -5*w + 30 = -s, s - w + 35 = -3. Let o = s + 35. Calculate j(o).
8
Let d(c) = -4 - 20 + 14 + 2*c. Calculate d(7).
4
Let h(s) = -13*s**2 - s**3 + 2*s**2 + 5*s**2 + 4 + 2*s - 1. Calculate h(-5).
-32
Let c = -28 - -22. Let t be (c + (-3 - -7))*-6. Suppose 2*d = l, 4*l + 2*d + t = 3*l. Let m(h) = -h**3 - 6*h**2 - 2*h - 8. Give m(l).
4
Let c(a) = 3*a**2 + 72*a + 12. Let g be c(-24). Let r(v) = -2*v + 9. Calculate r(g).
-15
Let a(b) = b - 2. Let g be a(4). Let f(d) = d - 2. Determine f(g).
0
Let y be 16/6*(-4 + 7). Let b(v) = 2*v**2 + 9*v - 8. Let s(p) = p**2 + 9*p - 8. Let t(i) = 2*b(i) - 3*s(i). Determine t(y).
0
Let o = -174 - -172. Let q(z) be the second derivative of -z**4/12 - z**3/2 - z**2 + 6*z. Calculate q(o).
0
Let j(w) = -w**2 - 2*w - 6 + 0 - 10 + 3*w**2 - 5*w. Give j(-2).
6
Let x(l) = l**2 - 8*l - 6. Suppose -6*i = -34 - 98. Suppose -23*p = -i*p - 7. Determine x(p).
-13
Suppose -144 = -5*g - 4*g. Let b(j) = 3*j - 50. Let w be b(g). Let n(s) = s**3 + 4*s**2 + 2*s - 2. Calculate n(w).
2
Let w(q) be the third derivative of -q**8/6720 - q**7/630 + q**6/240 + q**5/120 + 7*q**4/24 - 12*q**2. Let s(h) be the second derivative of w(h). What is s(-5)?
11
Let h(d) = -d**3 + 8*d**2 - 8*d + 6. Let m be h(7). Let b(a) = 4*a**2 - 31*a - 18. Let k(z) = 7*z**2 - 57*z - 33. Let s(r) = -11*b(r) + 6*k(r). What is s(m)?
-1
Let x(k) = 4*k - 249 + 782 - 261 - 259. What is x(-4)?
-3
Let h(z) be the third derivative of -z**4/24 - 4*z**3/3 - 13*z**2 - 6. What is h(-3)?
-5
Let u(x) = -x - 2. Let s(k) = -2*k - 3. Let l(g) = -2*s(g) + 3*u(g). Let p be 713/138 + 10/12. Calculate l(p).
6
Let y(b) = b**3 + 7*b**2 - 3*b - 20. Suppose -5*g = 4*i + 39, 4*g - 9*i + 27 = -8*i. What is y(g)?
1
Let l(a) = -5*a**3 - 10*a**2 + 13. Let k(m) = -9*m**3 - 16*m**2 + 24. Let q(b) = 4*k(b) - 7*l(b). Suppose -37 = -2*d + 5*p, d + 1 = p + 12. Determine q(d).
5
Let s(i) be the first derivative of -44 + 3/2*i**2 + 4*i. Let p be (0/1 + 1)*-4. Determine s(p).
-